?
52
What is the greatest common divisor of 45 and 5760?
45
What is the greatest common factor of 28 and 8?
4
Calculate the greatest common factor of 18 and 4.
2
Calculate the greatest common factor of 84 and 3486.
42
What is the greatest common divisor of 270 and 9045?
135
What is the greatest common factor of 710 and 20?
10
What is the highest common divisor of 48 and 696?
24
What is the highest common factor of 2106 and 486?
162
What is the highest common divisor of 41 and 24764?
41
What is the highest common factor of 69 and 24127?
23
What is the highest common divisor of 20 and 32?
4
Calculate the greatest common divisor of 95 and 5.
5
Calculate the greatest common factor of 98 and 931.
49
What is the highest common divisor of 86 and 215?
43
Calculate the highest common divisor of 1 and 69.
1
Calculate the greatest common factor of 96 and 60.
12
Calculate the highest common divisor of 111 and 49839.
111
What is the greatest common divisor of 540 and 80?
20
What is the greatest common factor of 966 and 207?
69
What is the highest common factor of 12882 and 38?
38
Calculate the greatest common divisor of 3 and 471.
3
Calculate the highest common divisor of 1664 and 26.
26
Calculate the greatest common divisor of 22606 and 127.
127
What is the highest common divisor of 39720 and 360?
120
What is the greatest common divisor of 15143 and 38?
19
What is the greatest common divisor of 2523 and 87?
87
Calculate the highest common divisor of 6380 and 80.
20
What is the highest common divisor of 22176 and 126?
126
What is the highest common divisor of 1333 and 31?
31
Calculate the greatest common factor of 148 and 288.
4
Calculate the greatest common divisor of 116 and 4.
4
Calculate the highest common divisor of 296 and 528.
8
What is the highest common divisor of 37 and 1147?
37
Calculate the greatest common divisor of 41 and 6847.
41
Calculate the greatest common divisor of 204 and 15.
3
What is the highest common factor of 978 and 12?
6
Calculate the greatest common factor of 906 and 6.
6
Calculate the greatest common divisor of 3 and 501.
3
What is the highest common factor of 847 and 77?
77
What is the highest common factor of 1626 and 12?
6
Calculate the highest common divisor of 1394 and 68.
34
Calculate the greatest common factor of 8 and 232.
8
What is the highest common factor of 84 and 148?
4
What is the highest common divisor of 33158 and 236?
118
Calculate the highest common divisor of 1372 and 56.
28
Calculate the greatest common factor of 203 and 14.
7
Calculate the greatest common factor of 9884 and 56.
28
What is the greatest common divisor of 2356 and 76?
76
What is the highest common divisor of 126 and 56?
14
What is the highest common divisor of 132 and 24?
12
Calculate the greatest common factor of 172 and 129.
43
What is the highest common factor of 142 and 1633?
71
What is the highest common divisor of 253 and 92?
23
Calculate the highest common divisor of 2530 and 440.
110
Calculate the highest common factor of 116 and 58.
58
What is the highest common divisor of 475 and 25?
25
What is the greatest common divisor of 1377 and 17?
17
What is the greatest common factor of 15 and 33?
3
What is the greatest common divisor of 14718 and 264?
66
Calculate the highest common divisor of 10 and 230.
10
Calculate the highest common divisor of 105 and 75.
15
What is the highest common factor of 98 and 70?
14
Calculate the greatest common factor of 70 and 154.
14
Calculate the highest common divisor of 167 and 37909.
167
What is the highest common factor of 7002 and 18?
18
What is the greatest common factor of 239 and 3?
1
What is the greatest common factor of 299 and 26?
13
Calculate the greatest common divisor of 215 and 43.
43
What is the highest common factor of 1 and 83?
1
What is the highest common factor of 180 and 4284?
36
Calculate the greatest common divisor of 756 and 28.
28
Calculate the greatest common factor of 1243 and 11.
11
What is the greatest common factor of 3232 and 3838?
202
What is the greatest common factor of 418 and 242?
22
What is the highest common divisor of 1098 and 288?
18
What is the greatest common divisor of 54 and 1566?
54
Calculate the greatest common factor of 791 and 7.
7
What is the greatest common factor of 308 and 55594?
154
Calculate the highest common divisor of 34 and 34.
34
What is the highest common divisor of 793 and 143?
13
Calculate the highest common factor of 160 and 11200.
160
What is the highest common factor of 4 and 28?
4
What is the greatest common divisor of 59 and 2183?
59
What is the highest common divisor of 150 and 48?
6
Calculate the highest common divisor of 428 and 92.
4
What is the highest common factor of 2748 and 108?
12
What is the highest common divisor of 66 and 57882?
66
Calculate the highest common factor of 2 and 74.
2
What is the greatest common factor of 12 and 162?
6
Calculate the highest common divisor of 810 and 18.
18
Calculate the greatest common divisor of 195 and 156.
39
What is the greatest common factor of 16238 and 92?
46
Calculate the greatest common divisor of 1034 and 22.
22
Calculate the highest common divisor of 90 and 15.
15
Calculate the highest common divisor of 58 and 9744.
58
What is the greatest common divisor of 105 and 21?
21
Calculate the greatest common divisor of 3025 and 75.
25
Calculate the highest common factor of 82 and 41.
41
Calculate the highest common factor of 9071 and 193.
193
What is the highest common divisor of 1404 and 1989?
117
Calculate the greatest common divisor of 8 and 128.
8
Calculate the highest common factor of 1938 and 102.
102
Calculate the greatest common divisor of 504 and 112.
56
What is the greatest common divisor of 8904 and 7?
7
Calculate the greatest common divisor of 128 and 3904.
64
Calculate the highest common divisor of 1105 and 340.
85
Calculate the highest common factor of 12 and 8.
4
Calculate the highest common divisor of 93 and 69936.
93
Calculate the greatest common divisor of 53060 and 20.
20
Calculate the greatest common factor of 76 and 4598.
38
Calculate the highest common divisor of 25 and 3925.
25
Calculate the highest common factor of 366 and 3050.
122
Calculate the greatest common divisor of 276 and 184.
92
Calculate the greatest common factor of 240 and 50.
10
What is the highest common factor of 44 and 1254?
22
What is the greatest common divisor of 357 and 25109?
119
What is the highest common factor of 18 and 2598?
6
What is the highest common divisor of 1192 and 2?
2
Calculate the greatest common factor of 365 and 219.
73
Calculate the greatest common factor of 741 and 1425.
57
Calculate the highest common factor of 125 and 1.
1
What is the highest common divisor of 48 and 200?
8
What is the highest common factor of 42 and 1008?
42
Calculate the greatest common divisor of 184 and 8.
8
Calculate the highest common factor of 20910 and 30.
30
Calculate the greatest common divisor of 11 and 41624.
11
What is the highest common factor of 286 and 13?
13
What is the greatest common divisor of 874 and 76?
38
Calculate the greatest common factor of 525 and 255.
15
What is the greatest common factor of 136 and 748?
68
What is the highest common divisor of 76 and 988?
76
Calculate the highest common divisor of 20 and 1340.
20
What is the highest common divisor of 917 and 3799?
131
Calculate the greatest common divisor of 1377 and 3315.
51
What is the greatest common factor of 2623 and 215?
43
Calculate the greatest common divisor of 832 and 16.
16
What is the highest common divisor of 275 and 1760?
55
What is the greatest common factor of 39 and 51?
3
What is the greatest common divisor of 63 and 5600?
7
What is the highest common divisor of 7325 and 25?
25
What is the highest common divisor of 50 and 10?
10
What is the greatest common factor of 194 and 4?
2
Calculate the highest common factor of 295 and 5.
5
What is the highest common factor of 69 and 3335?
23
What is the greatest common factor of 2714 and 92?
46
What is the greatest common factor of 42 and 5334?
42
Calculate the greatest common divisor of 7 and 175.
7
What is the greatest common divisor of 749 and 107?
107
Calculate the greatest common divisor of 3002 and 133.
19
Calculate the highest common factor of 132 and 352.
44
Calc